23, 104173
What are the prime factors of 194842739?
7, 13, 19, 112691
List the prime factors of 5374404073.
5374404073
What are the prime factors of 56345317?
7, 19, 423649
List the prime factors of 918388500.
2, 3, 5, 612259
What are the prime factors of 59387214?
2, 3, 43, 383, 601
List the prime factors of 1231449927.
3, 17, 2011, 12007
What are the prime factors of 2478798029?
241, 10285469
List the prime factors of 1919199662.
2, 829, 1157539
List the prime factors of 311924918.
2, 155962459
What are the prime factors of 26509090?
2, 5, 491, 5399
What are the prime factors of 7463120352?
2, 3, 19, 67, 173, 353
List the prime factors of 96090894.
2, 3, 1779461
List the prime factors of 392960871.
3, 97, 450127
What are the prime factors of 1988760211?
29581, 67231
What are the prime factors of 2459383185?
3, 5, 7, 599, 39103
What are the prime factors of 445242145?
5, 131, 5189
What are the prime factors of 6136509657?
3, 3559, 574741
What are the prime factors of 317182772?
2, 409, 193877
List the prime factors of 63464281.
17, 3733193
What are the prime factors of 1574886623?
769, 2047967
List the prime factors of 58320395.
5, 7, 1666297
What are the prime factors of 69429061?
13, 797, 6701
List the prime factors of 1773219197.
7109, 249433
List the prime factors of 97012714.
2, 29, 137, 421
What are the prime factors of 51323984?
2, 3207749
What are the prime factors of 2143975345?
5, 31, 53, 260983
What are the prime factors of 3936572132?
2, 984143033
What are the prime factors of 811051616?
2, 67, 378289
What are the prime factors of 43961311?
2953, 14887
List the prime factors of 167852066.
2, 83926033
What are the prime factors of 507650102?
2, 47, 859, 6287
List the prime factors of 72070315.
5, 14414063
What are the prime factors of 5104493?
29, 176017
What are the prime factors of 53951165?
5, 19, 29, 19583
What are the prime factors of 164389630?
2, 5, 181, 90823
What are the prime factors of 120599299?
163, 281, 2633
What are the prime factors of 210885599?
103, 691, 2963
List the prime factors of 64070632.
2, 8008829
What are the prime factors of 1001991339?
3, 17, 37, 263, 673
List the prime factors of 196928053.
7, 28132579
List the prime factors of 123836671.
7, 2527279
List the prime factors of 2969125097.
197, 15071701
What are the prime factors of 5612731977?
3, 1870910659
List the prime factors of 256529844.
2, 3, 7125829
What are the prime factors of 134937031?
19, 7101949
List the prime factors of 485520518.
2, 7, 73, 67867
List the prime factors of 42291400.
2, 5, 211457
What are the prime factors of 218290923?
3, 89, 90841
What are the prime factors of 523808430?
2, 3, 5, 151, 115631
What are the prime factors of 1080818657?
2441, 442777
List the prime factors of 1308308355.
3, 5, 17, 97, 653
List the prime factors of 570326746.
2, 11, 53, 317, 1543
What are the prime factors of 368403594?
2, 3, 13, 1543, 3061
What are the prime factors of 2947662771?
3, 43, 647, 35317
List the prime factors of 91305294.
2, 3, 137, 277, 401
List the prime factors of 11193506.
2, 313, 17881
List the prime factors of 1760154236.
2, 109, 1423, 2837
What are the prime factors of 957717863?
957717863
What are the prime factors of 1182423?
3, 11, 35831
What are the prime factors of 1384362043?
1384362043
What are the prime factors of 3542781835?
5, 31, 22856657
List the prime factors of 32152742.
2, 173, 92927
What are the prime factors of 1800588022?
2, 349, 487, 5297
What are the prime factors of 17094716?
2, 4273679
What are the prime factors of 94702487?
11, 29, 353
What are the prime factors of 3626239976?
2, 453279997
What are the prime factors of 768523298?
2, 193, 313, 6361
What are the prime factors of 259441275?
3, 5, 199, 17383
What are the prime factors of 22446239?
17, 19, 69493
What are the prime factors of 123323176?
2, 3323, 4639
What are the prime factors of 536670782?
2, 2719, 98689
What are the prime factors of 2820507436?
2, 887, 794957
What are the prime factors of 489745062?
2, 3, 9069353
List the prime factors of 126054574.
2, 563, 111949
List the prime factors of 392264366.
2, 13, 15087091
List the prime factors of 1936335445.
5, 11, 17, 2070947
List the prime factors of 2266468144.
2, 1069, 132511
List the prime factors of 2784244571.
31, 1249, 71909
List the prime factors of 1749233743.
23, 61, 1246781
What are the prime factors of 30249755?
5, 29, 229, 911
List the prime factors of 26562473.
7, 47, 80737
What are the prime factors of 926938007?
2917, 317771
List the prime factors of 3641431980.
2, 3, 5, 29, 2092777
What are the prime factors of 73533992?
2, 7, 41, 32027
What are the prime factors of 14312300?
2, 5, 17, 8419
List the prime factors of 39960240.
2, 3, 5, 31, 41, 131
List the prime factors of 1831644369.
3, 211, 964531
List the prime factors of 97741656.
2, 3, 983, 1381
List the prime factors of 8333263.
2557, 3259
What are the prime factors of 70308791?
7, 10044113
What are the prime factors of 341909548?
2, 85477387
List the prime factors of 5163371.
5163371
What are the prime factors of 4893628111?
1447, 3381913
What are the prime factors of 912557482?
2, 456278741
What are the prime factors of 258644280?
2, 3, 5, 199, 10831
What are the prime factors of 191176123?
73, 929, 2819
What are the prime factors of 358502845?
5, 71700569
List the prime factors of 1522224489.
3, 17, 281, 106219
List the prime factors of 245777964.
2, 3, 20481497
What are the prime factors of 1056353161?
79, 487, 27457
List the prime factors of 8393628549.
3, 73, 38327071
What are the prime factors of 42380929?
43, 22921
List the prime factors of 1903412405.
5, 380682481
What are the prime factors of 2308564124?
2, 8641, 66791
List the prime factors of 143412334.
2, 13, 79, 69821
List the prime factors of 2385078010.
2, 5, 7, 811, 42013
What are the prime factors of 3454055573?
193, 17896661
What are the prime factors of 1943736832?
2, 29, 109, 1201
List the prime factors of 313827850.
2, 5, 7, 29, 631
List the prime factors of 194565692.
2, 48641423
List the prime factors of 17645888.
2, 13, 127, 167
What are the prime factors of 375864766?
2, 29, 223463
What are the prime factors of 2204081199?
3, 647, 4673
What are the prime factors of 866392321?
431, 2010191
List the prime factors of 1236626289.
3, 137402921
List the prime factors of 3258684095.
5, 651736819
List the prime factors of 35367998.
2, 1973, 8963
What are the prime factors of 155858690?
2, 5, 13, 53, 22621
List the prime factors of 41593841.
41593841
List the prime factors of 3697867733.
7, 528266819
What are the prime factors of 1761828210?
2, 3, 5, 19575869
List the prime factors of 2543960831.
101, 25187731
List the prime factors of 296539502.
2, 7, 149, 142157
What are the prime factors of 30617754?
2, 3, 1429, 3571
What are the prime factors of 29193893?
1571, 18583
What are the prime factors of 94549461?
3, 17, 271, 6841
What are the prime factors of 2087475524?
2, 521868881
What are the prime factors of 1111075638?
2, 3, 185179273
List the prime factors of 78265640.
2, 5, 1153, 1697
List the prime factors of 3051100502.
2, 53, 28783967
What are the prime factors of 69476970?
2, 3, 5, 719, 3221
List the prime factors of 8439572.
2, 19, 293, 379
List the prime factors of 2339775339.
3, 11, 4903, 14461
List the prime factors of 117494273.
13, 9038021
List the prime factors of 3019486660.
2, 5, 43, 59, 59509
List the prime factors of 59580534.
2, 3, 13, 23, 33211
List the prime factors of 61024605.
3, 5, 41, 67, 1481
List the prime factors of 88821711.
3, 11, 299063
List the prime factors of 18149206.
2, 9074603
List the prime factors of 27145313.
13, 23, 90787
List the prime factors of 5560948750.
2, 5, 7, 163, 557
List the prime factors of 895839017.
157, 5705981
List the prime factors of 109455851.
3541, 30911
What are the prime factors of 54214685?
5, 7, 1548991
What are the prime factors of 2702052278?
2, 47, 227, 126631
List the prime factors of 56885672.
2, 17, 61, 6857
What are the prime factors of 109130928?
2, 3, 2273561
What are the prime factors of 199545002?
2, 99772501
List the prime factors of 14487355.
5, 23, 263, 479
What are the prime factors of 81944474?
2, 2857, 14341
What are the prime factors of 533046216?
2, 3, 19, 29, 173, 2